r of l and 72?
8
Let c(l) = -l + 21. Let k be c(18). Calculate the highest common factor of k and 129.
3
Suppose -5*q - j + 384 = 0, -3*q = -j - j - 233. Let m = 173 - q. What is the highest common factor of m and 32?
32
Suppose 5*s - l - 2*l = 118, 5*l + 28 = s. Let n(o) = -12*o - 10. Let m be n(-20). Calculate the greatest common factor of m and s.
23
Suppose 0 = x - w - 35, 4*x - 123 - 57 = -4*w. Calculate the greatest common factor of 56 and x.
8
Let n(t) = -t**3 + 2*t**2 + 132. Let q be n(0). Suppose 0 = 8*i - 27*i + 627. Calculate the greatest common divisor of i and q.
33
Let s(w) = 199*w - 195. Let c be s(5). What is the highest common factor of 32 and c?
32
Let g be -4 - -3 - -4 - 2. Let p be (3 + g)*(-16 + 74). What is the highest common divisor of p and 29?
29
Let j be (2541/(-165))/(2/(-10)). Calculate the highest common factor of 21 and j.
7
Let o be -3*(4 - 111/9). Suppose 0 = 5*x + o, -2*r + 4*x + 82 + 438 = 0. Calculate the greatest common divisor of r and 25.
25
Let h(f) = -f**2 + 2*f + 5. Let u(n) = n**2 - 2*n - 4. Let r(x) = 4*h(x) + 5*u(x). Let w be r(6). What is the greatest common divisor of 120 and w?
24
Suppose 12*n = -73*n + 11220. What is the highest common divisor of n and 2706?
66
Let l(j) = 3*j**2 + 10*j + 11. Let w be l(-3). What is the highest common factor of w and 56?
8
Let x be (-26)/(-3)*(1 + 5/(-2)). Let t(r) = r**2 + 11*r + 8. Let y be t(x). What is the highest common factor of y and 68?
34
Suppose -3*m + 167 = 89. Let l = m - 13. Calculate the highest common factor of l and 117.
13
Let n(a) = -8*a - 2. Let b(g) = -g - 1. Let u(o) = -2*b(o) + n(o). Let t be u(-2). What is the highest common factor of t and 4?
4
Let w be -966*(-5 + (-6 - 63/(-6))). Calculate the highest common divisor of w and 84.
21
Let c be (-6 - -1)*(-6)/(-10). Let k be (8/(-12))/(c/9). Let j be (-48)/(-27) + k/9. Calculate the highest common factor of j and 1.
1
Let w(i) = 2*i + 1. Let d be w(3). Suppose -d = -4*l + 5. Suppose -l*k + 0*p = -2*p - 212, -k + 4*p + 74 = 0. Calculate the highest common factor of k and 10.
10
Suppose a - 200 = -a. Let u(c) = -47*c - 492. Let t be u(-11). Calculate the greatest common factor of a and t.
25
Let u be -32*((1 - -7) + -34). Calculate the highest common factor of u and 13.
13
Let v = 13 - 8. Suppose 0 = 2*f - v*f - 837. Let y be f/(-12) - 3/(-4). What is the greatest common factor of 120 and y?
24
Suppose -7*z + 1823 = -214. What is the greatest common factor of z and 485?
97
Let j be (2 - -1)/3*3. Suppose 4 + 1 = -i, 5*g - j*i = 75. Let a(y) = -y + 35. Let k be a(11). Calculate the highest common divisor of g and k.
12
Let i = -17 - -17. Suppose 8 = -2*q - i, -h - q + 7 = 0. Suppose -2*d + 2*z + 245 = z, 4*z + 12 = 0. What is the greatest common divisor of h and d?
11
Let i = 87 + -73. Suppose 0 = 2*g - 3*g + 2. What is the highest common divisor of i and g?
2
Let d(m) = m**2 - 14*m + 13. Let u be d(9). Let h = -23 - u. Suppose -4*b - h + 25 = 0. What is the greatest common divisor of b and 20?
4
Let j = -878 - -916. Suppose -235 = -4*l - 3. Let s = l - j. What is the greatest common factor of s and 50?
10
Let q = 334 + -310. Calculate the highest common factor of 42 and q.
6
Let i = 740 + -696. Calculate the greatest common divisor of 143 and i.
11
Let w = -247 + 271. Suppose 0 = 4*v - 2*m + 48, 3*v + v - 5*m + 36 = 0. Let t be (-4)/v + 160/28. Calculate the greatest common divisor of t and w.
6
Let v(t) = -2*t + 4. Let i(w) = -2*w + 3. Let c(h) = 5*i(h) - 4*v(h). Let a be c(-10). Calculate the highest common divisor of a and 38.
19
Let l be (-26)/10 + 3 - (-234)/15. What is the greatest common factor of l and 464?
16
Let m(g) = 2*g + 16. Let b be m(-6). Let s be (b - -1)*126/30. Let n = -11 + s. What is the greatest common factor of n and 30?
10
Let h(q) = q**3 + 6 - 11*q + 6*q + 6*q**2 + 0. Let o be h(-6). What is the greatest common factor of 24 and o?
12
Let d = 41 - 37. Suppose z - 4 = -2. Suppose -z*t - 21 - 3 = -5*i, -t = 3*i - 10. What is the highest common factor of i and d?
4
Suppose -2*y = -5*x + 585, -109 = -3*x + y + 243. Calculate the highest common factor of x and 102.
17
Let a = 143 + 1. Calculate the greatest common divisor of 32 and a.
16
Suppose -5*j - 4*g + 95 = -3*g, 3*g + 57 = 4*j. Let n = j - 43. Let f = 42 + n. Calculate the greatest common factor of 68 and f.
17
Suppose -m = 2*r - 33, 0 = 4*r + 7*m - 4*m - 69. Let x be (-3 + r/10)*-4. Calculate the greatest common divisor of 15 and x.
3
Let a be 0/(-1) - 40/8. Let o = 17 - a. Calculate the greatest common factor of o and 22.
22
Suppose 0 = 49*o - 45*o + 4. Let q be (-1)/((5/405)/(o + 0)). What is the highest common factor of 9 and q?
9
Let a be 4/16 - (-86)/8. Suppose -4*x + 6 = x - f, 3*x - 7 = 4*f. Calculate the greatest common factor of x and a.
1
Suppose 24*n - 40 = 19*n. Let l = n - 4. Suppose 0 = -2*r + 4 + 4. Calculate the highest common divisor of l and r.
4
Suppose 4*j - 279 = -r, 12*r - 13*r = 2*j - 283. Calculate the greatest common factor of 41 and r.
41
Let c be 8*3/((-24)/(-14)). Suppose 0 = 3*d + o - 10, 5*d + 0*d - c = -3*o. Suppose -d*f + 2*f = -14. Calculate the highest common factor of 28 and f.
7
Let l(j) = 3*j**3 - 2*j**2 - 2*j + 3. Let i be l(3). What is the highest common factor of 40 and i?
20
Let j be (-5*10/50)/(2/(-2314)). What is the greatest common divisor of j and 13?
13
Let k be 80/16 + (-3 - 0). Suppose k*z + 1 + 11 = 0. Let u = z + 16. What is the highest common divisor of 4 and u?
2
Let d(p) = -2*p**3 - 4*p**2 - 2*p + 6. Let j = 55 - 58. Let w be d(j). What is the highest common factor of 6 and w?
6
Suppose 29*f + 11*f - 3926 = -326. Suppose 6 = -p + 126. What is the highest common divisor of p and f?
30
Let b be -5 + 0 + (-8)/(32/(-84)). Calculate the highest common divisor of 16 and b.
16
Suppose -2*v + 94 = 4*m, 103 + 123 = 5*v + m. Let p be (0 - (1 - -1)) + 20. What is the greatest common factor of v and p?
9
Let d be (-1 + -4)/(110/(-6732)). What is the highest common divisor of d and 510?
102
Suppose -3*b + 2*j = -6*b - 61, 5*j - 47 = 3*b. Let c(i) = -i**2 - 24*i + 15. Let x be c(b). What is the highest common factor of x and 66?
22
Let r be 58/(-6) + (-9)/27. Let q be (-32)/(-40) + (-202)/r. What is the highest common divisor of q and 231?
21
Suppose -15 = -3*t, -3*t = 5*v - 4*v - 25. Let m = 32 - v. Let g = m - 19. What is the greatest common factor of 21 and g?
3
Let v = -13 + 21. Suppose 0 = 2*z + 20 - 116. Calculate the greatest common factor of z and v.
8
Let k = 38 + -5. Suppose 35*h = k*h + 42. Calculate the highest common divisor of 168 and h.
21
Suppose -4*w - w = 3*g + 1023, w - g = -211. Let n be (-10)/18*-94 + 46/w. What is the highest common divisor of 13 and n?
13
Let a be (-7 + -5 - -9) + 54. What is the highest common divisor of a and 204?
51
Let n be (-606)/(-8) + (-12)/(-51 + 3). What is the highest common factor of n and 19?
19
Let x = -5 - -10. Let w be 28/35*x*2. Calculate the highest common factor of 2 and w.
2
Suppose 4*j - 684 = -8*j. Calculate the highest common factor of j and 171.
57
Let x(z) be the second derivative of -5*z**3/6 - 21*z**2 - 2*z. Let h be x(-12). What is the highest common divisor of h and 45?
9
Let s(l) = l**3 - l**2 + 15*l - 46. Let j be s(3). What is the greatest common factor of j and 136?
17
Suppose 2*w = 3*y - 515, -146 = 4*y - 2*w - 832. What is the greatest common divisor of y and 19?
19
Suppose 2557 - 2461 = 2*w. What is the greatest common factor of 168 and w?
24
Let b be 10/(5/(10 + 0)). What is the highest common divisor of 30 and b?
10
Let c = -12 + 12. Let u(d) = d**2 + d + 3. Let t be u(c). Suppose 459 - 51 = t*h. What is the greatest common divisor of 17 and h?
17
Let t be 2/(-3)*3 - -7. Suppose -l - 8 = -t*l. Suppose -l*r = -r - 9. What is the greatest common factor of 3 and r?
3
Let w(i) = -i**2 + 4*i - 1. Let h be w(3). Suppose 0*t - t + 4 = -h*m, 4*t - 76 = -4*m. Let l be (0/9 - -56)/1. What is the highest common divisor of t and l?
14
Let u be (-276)/(-8)*((-16)/12 - -2). Let t be 23*(2/9 - 210/(-27)). Calculate the highest common divisor of u and t.
23
Suppose -3*f - 3*o + 15 = 0, 2*f - 4*o - 49 + 9 = 0. Let m = -6 + f. Suppose -2*l = -m*l + 52. Calculate the highest common divisor of l and 13.
13
Suppose 4*i - 